{"id":128,"date":"2024-08-16T10:15:33","date_gmt":"2024-08-16T10:15:33","guid":{"rendered":"https:\/\/vaniseo.pro\/eserif\/?page_id=128"},"modified":"2024-08-27T08:50:48","modified_gmt":"2024-08-27T08:50:48","slug":"mise-en-stock-test-infos","status":"publish","type":"page","link":"https:\/\/vaniseo.pro\/eserif\/mise-en-stock-test-infos\/","title":{"rendered":"Mise en stock test INFOS"},"content":{"rendered":"<div class=\"wpb-content-wrapper\"><p>[vc_row][vc_column][vc_column_text css=&#8221;&#8221;][\/vc_column_text][vc_column_text css=&#8221;&#8221;]<script type=\"text\/javascript\">var gform;gform||(document.addEventListener(\"gform_main_scripts_loaded\",function(){gform.scriptsLoaded=!0}),window.addEventListener(\"DOMContentLoaded\",function(){gform.domLoaded=!0}),gform={domLoaded:!1,scriptsLoaded:!1,initializeOnLoaded:function(o){gform.domLoaded&&gform.scriptsLoaded?o():!gform.domLoaded&&gform.scriptsLoaded?window.addEventListener(\"DOMContentLoaded\",o):document.addEventListener(\"gform_main_scripts_loaded\",o)},hooks:{action:{},filter:{}},addAction:function(o,n,r,t){gform.addHook(\"action\",o,n,r,t)},addFilter:function(o,n,r,t){gform.addHook(\"filter\",o,n,r,t)},doAction:function(o){gform.doHook(\"action\",o,arguments)},applyFilters:function(o){return gform.doHook(\"filter\",o,arguments)},removeAction:function(o,n){gform.removeHook(\"action\",o,n)},removeFilter:function(o,n,r){gform.removeHook(\"filter\",o,n,r)},addHook:function(o,n,r,t,i){null==gform.hooks[o][n]&&(gform.hooks[o][n]=[]);var e=gform.hooks[o][n];null==i&&(i=n+\"_\"+e.length),gform.hooks[o][n].push({tag:i,callable:r,priority:t=null==t?10:t})},doHook:function(n,o,r){var t;if(r=Array.prototype.slice.call(r,1),null!=gform.hooks[n][o]&&((o=gform.hooks[n][o]).sort(function(o,n){return o.priority-n.priority}),o.forEach(function(o){\"function\"!=typeof(t=o.callable)&&(t=window[t]),\"action\"==n?t.apply(null,r):r[0]=t.apply(null,r)})),\"filter\"==n)return r[0]},removeHook:function(o,n,t,i){var r;null!=gform.hooks[o][n]&&(r=(r=gform.hooks[o][n]).filter(function(o,n,r){return!!(null!=i&&i!=o.tag||null!=t&&t!=o.priority)}),gform.hooks[o][n]=r)}});<\/script>\n                <div class='gf_browser_gecko gform_wrapper gravity-theme gform-theme--no-framework gppt-has-page-transitions_wrapper gform-theme__no-reset--el_wrapper' data-form-theme='gravity-theme' data-form-index='0' id='gform_wrapper_6' >\n                        <div class='gform_heading'>\n                            <h2 class=\"gform_title\">Ajout au stock<\/h2>\n                            <p class='gform_description'>Formulaire pour ajouter des t\u00e9l\u00e9phones au stock<\/p>\n\t\t\t\t\t\t\t<p class='gform_required_legend'>\u00ab\u00a0<span class=\"gfield_required gfield_required_asterisk\">*<\/span>\u00a0\u00bb indique les champs n\u00e9cessaires<\/p>\n                        <\/div><form method='post' enctype='multipart\/form-data' target='gform_ajax_frame_6' id='gform_6' class='gppt-has-page-transitions gform-theme__no-reset--el ' action='\/eserif\/wp-json\/wp\/v2\/pages\/128' data-formid='6' novalidate>\n                        <div class='gform-body gform_body'><div id='gform_fields_6' class='gform_fields top_label form_sublabel_below description_below validation_below'><div id=\"field_6_36\" class=\"gfield gfield--type-select gfield--input-type-select gfield--width-quarter gfield_contains_required field_sublabel_below gfield--no-description field_description_below field_validation_below gfield_visibility_visible\"  data-js-reload=\"field_6_36\" ><label class='gfield_label gform-field-label' for='input_6_36'>Mod\u00e8le<span class=\"gfield_required\"><span class=\"gfield_required gfield_required_asterisk\">*<\/span><\/span><\/label><div class='ginput_container ginput_container_select'><select name='input_36' id='input_6_36' class='large gfield_select'    aria-required=\"true\" aria-invalid=\"false\" ><option value='iPhone 11' >iPhone 11<\/option><option value='iPhone 11 Pro' >iPhone 11 Pro<\/option><option value='iPhone 11 Pro Max' >iPhone 11 Pro Max<\/option><option value='iPhone 12' >iPhone 12<\/option><option value='iPhone 12 mini' >iPhone 12 mini<\/option><option value='iPhone 12 Pro' >iPhone 12 Pro<\/option><option value='iPhone 12 Pro Max' >iPhone 12 Pro Max<\/option><option value='iPhone 13' >iPhone 13<\/option><option value='iPhone 13 Mini' >iPhone 13 Mini<\/option><option value='iPhone 13 Pro' >iPhone 13 Pro<\/option><option value='iPhone 13 Pro Max' >iPhone 13 Pro Max<\/option><option value='iPhone 14' >iPhone 14<\/option><option value='iPhone 14 Pro' >iPhone 14 Pro<\/option><option value='iPhone 14 Pro Max' >iPhone 14 Pro Max<\/option><option value='iPhone 8' >iPhone 8<\/option><option value='iPhone SE 2' >iPhone SE 2<\/option><option value='iPhone X' >iPhone X<\/option><option value='iPhone Xr' >iPhone Xr<\/option><option value='iPhone Xs' >iPhone Xs<\/option><option value='iPhone XsMax' >iPhone XsMax<\/option><option value='Samsung S21 FE' >Samsung S21 FE<\/option><option value='Samsung S22' >Samsung S22<\/option><option value='Samsung S23' >Samsung S23<\/option><\/select><\/div><\/div><div id=\"field_6_3\" class=\"gfield gfield--type-select gfield--input-type-select gfield--width-quarter gfield_contains_required field_sublabel_below gfield--no-description field_description_below field_validation_below gfield_visibility_visible\"  data-js-reload=\"field_6_3\" ><label class='gfield_label gform-field-label' for='input_6_3'>GB<span class=\"gfield_required\"><span class=\"gfield_required gfield_required_asterisk\">*<\/span><\/span><\/label><div class='ginput_container ginput_container_select'><select name='input_3' id='input_6_3' class='medium gfield_select'    aria-required=\"true\" aria-invalid=\"false\" ><option value='64' >64<\/option><option value='128' >128<\/option><option value='256' >256<\/option><option value='512' >512<\/option><\/select><\/div><\/div><div id=\"field_6_6\" class=\"gfield gfield--type-select gfield--input-type-select gfield--width-quarter field_sublabel_below gfield--no-description field_description_below field_validation_below gfield_visibility_visible\"  data-js-reload=\"field_6_6\" ><label class='gfield_label gform-field-label' for='input_6_6'>Grade<\/label><div class='ginput_container ginput_container_select'><select name='input_6' id='input_6_6' class='medium gfield_select'     aria-invalid=\"false\" ><option value='A' >A<\/option><option value='B' >B<\/option><option value='C' >C<\/option><\/select><\/div><\/div><div id=\"field_6_5\" class=\"gfield gfield--type-select gfield--input-type-select gfield--width-quarter field_sublabel_below gfield--no-description field_description_below field_validation_below gfield_visibility_visible\"  data-js-reload=\"field_6_5\" ><label class='gfield_label gform-field-label' for='input_6_5'>Couleur<\/label><div class='ginput_container ginput_container_select'><select name='input_5' id='input_6_5' class='medium gfield_select'     aria-invalid=\"false\" ><option value='Black' >Black<\/option><option value='Blanc' >Blanc<\/option><option value='Bleu' >Bleu<\/option><option value='Coral' >Coral<\/option><option value='Jaune' >Jaune<\/option><option value='Or' >Or<\/option><option value='Rose' >Rose<\/option><option value='Rouge' >Rouge<\/option><option value='Vert' >Vert<\/option><option value='Violet' >Violet<\/option><\/select><\/div><\/div><div id=\"field_6_37\" class=\"gfield gfield--type-number gfield--input-type-number gfield--width-full field_sublabel_below gfield--no-description field_description_below field_validation_below gfield_visibility_visible\"  data-js-reload=\"field_6_37\" ><label class='gfield_label gform-field-label' for='input_6_37'>Prix d&#039;achat<\/label><div class='ginput_container ginput_container_number'><input name='input_37' id='input_6_37' type='number' step='any'   value='' class='large'      aria-invalid=\"false\"  \/><\/div><\/div><div id=\"field_6_7\" class=\"gfield gfield--type-date gfield--input-type-date gfield--input-type-datepicker gfield--datepicker-default-icon gfield--width-full field_sublabel_below gfield--no-description field_description_below field_validation_below gfield_visibility_hidden\"  data-js-reload=\"field_6_7\" ><div class='admin-hidden-markup'><i class='gform-icon gform-icon--hidden'><\/i><span>Hidden<\/span><\/div><label class='gfield_label gform-field-label' for='input_6_7'>Date de mise en stock<\/label><div class='ginput_container ginput_container_date'>\n                            <input name='input_7' id='input_6_7' type='text' value='2026-05-16' class='datepicker gform-datepicker ymd_dash datepicker_with_icon gdatepicker_with_icon'   placeholder='aaaa-mm-jj' aria-describedby=\"input_6_7_date_format\" aria-invalid=\"false\" \/>\n                            <span id='input_6_7_date_format' class='screen-reader-text'>AAAA - MM - JJ<\/span>\n                        <\/div>\n                        <input type='hidden' id='gforms_calendar_icon_input_6_7' class='gform_hidden' value='https:\/\/vaniseo.pro\/eserif\/wp-content\/plugins\/gravityforms\/images\/datepicker\/datepicker.svg'\/><\/div><div id=\"field_6_10\" class=\"gfield gfield--type-select gfield--input-type-select gfield--width-full field_sublabel_below gfield--no-description field_description_below field_validation_below gfield_visibility_visible\"  data-js-reload=\"field_6_10\" ><label class='gfield_label gform-field-label' for='input_6_10'>\u00c9tat<\/label><div class='ginput_container ginput_container_select'><select name='input_10' id='input_6_10' class='large gfield_select'     aria-invalid=\"false\" ><option value='En stock' selected='selected'>En stock<\/option><option value='En r\u00e9paration' >En r\u00e9paration<\/option><\/select><\/div><\/div><div id=\"field_6_9\" class=\"gfield gfield--type-textarea gfield--input-type-textarea gfield--width-full field_sublabel_below gfield--no-description field_description_below field_validation_below gfield_visibility_visible\"  data-js-reload=\"field_6_9\" ><label class='gfield_label gform-field-label' for='input_6_9'>Note<\/label><div class='ginput_container ginput_container_textarea'><textarea name='input_9' id='input_6_9' class='textarea large'      aria-invalid=\"false\"   rows='10' cols='50'><\/textarea><\/div><\/div><div id=\"field_6_21\" class=\"gfield gfield--type-number gfield--input-type-number gfield--width-full gfield_contains_required field_sublabel_below gfield--no-description field_description_below field_validation_below gfield_visibility_visible\"  data-js-reload=\"field_6_21\" ><label class='gfield_label gform-field-label' for='input_6_21'>Nombre de t\u00e9l\u00e9phone \u00e0 rentrer<span class=\"gfield_required\"><span class=\"gfield_required gfield_required_asterisk\">*<\/span><\/span><\/label><div class='ginput_container ginput_container_number'><input name='input_21' id='input_6_21' type='number' step='any'   value='' class='large'     aria-required=\"true\" aria-invalid=\"false\"  \/><\/div><\/div><div id=\"field_6_26\" class=\"gfield gfield--type-text gfield--input-type-text gfield--width-full field_sublabel_below gfield--no-description field_description_below field_validation_below gfield_visibility_hidden\"  data-js-reload=\"field_6_26\" ><div class='admin-hidden-markup'><i class='gform-icon gform-icon--hidden'><\/i><span>Hidden<\/span><\/div><label class='gfield_label gform-field-label' for='input_6_26'>Utilisateur en cours<\/label><div class='ginput_container ginput_container_text'><input name='input_26' id='input_6_26' type='text' value='' class='large'      aria-invalid=\"false\"   \/> <\/div><\/div><div id=\"field_6_28\" class=\"gfield gfield--type-date gfield--input-type-date gfield--input-type-datepicker gfield--datepicker-no-icon gfield--width-full field_sublabel_below gfield--no-description field_description_below field_validation_below gfield_visibility_hidden\"  data-js-reload=\"field_6_28\" ><div class='admin-hidden-markup'><i class='gform-icon gform-icon--hidden'><\/i><span>Hidden<\/span><\/div><label class='gfield_label gform-field-label' for='input_6_28'>Date de cr\u00e9ation<\/label><div class='ginput_container ginput_container_date'>\n                            <input name='input_28' id='input_6_28' type='text' value='2026-05-16' class='datepicker gform-datepicker ymd_dash datepicker_no_icon gdatepicker-no-icon'   placeholder='aaaa-mm-jj' aria-describedby=\"input_6_28_date_format\" aria-invalid=\"false\" \/>\n                            <span id='input_6_28_date_format' class='screen-reader-text'>AAAA - MM - JJ<\/span>\n                        <\/div>\n                        <input type='hidden' id='gforms_calendar_icon_input_6_28' class='gform_hidden' value='https:\/\/vaniseo.pro\/eserif\/wp-content\/plugins\/gravityforms\/images\/datepicker\/datepicker.svg'\/><\/div><\/div><\/div>\n        <div class='gform_footer top_label'> <input type='submit' id='gform_submit_button_6' class='gform_button button' value='Ajouter'  onclick='if(window[\"gf_submitting_6\"]){return false;}  if( !jQuery(\"#gform_6\")[0].checkValidity || jQuery(\"#gform_6\")[0].checkValidity()){window[\"gf_submitting_6\"]=true;}  ' onkeypress='if( event.keyCode == 13 ){ if(window[\"gf_submitting_6\"]){return false;} if( !jQuery(\"#gform_6\")[0].checkValidity || jQuery(\"#gform_6\")[0].checkValidity()){window[\"gf_submitting_6\"]=true;}  jQuery(\"#gform_6\").trigger(\"submit\",[true]); }' \/> <input type='hidden' name='gform_ajax' value='form_id=6&amp;title=1&amp;description=1&amp;tabindex=0&amp;theme=gravity-theme' \/>\n            <input type='hidden' class='gform_hidden' name='is_submit_6' value='1' \/>\n            <input type='hidden' class='gform_hidden' name='gform_submit' value='6' \/>\n            \n            <input type='hidden' class='gform_hidden' name='gform_unique_id' value='' \/>\n            <input type='hidden' class='gform_hidden' name='state_6' value='WyJ7XCIzNlwiOltcIjRkY2E3NmM2N2FiZmQ3ZWQ0YmNmNjc2MGI3NzFhMDA1XCIsXCJjY2E4NDg1OWQyMDM1YjU2YTQ5NDdiYjA0YWI3ZDY4MlwiLFwiN2JiMWE4YTRhMjBjMjJhMDFiNjkzZTdjMzlkM2I5YTFcIixcIjhhZTdiNmRiMjY2OTdlNmQ1NDI4MmJiOGMxZTliNTRiXCIsXCI4N2Y0ZGIyYzVkMTQyMWQ0ZDNhYjU4OWU5YjJiMGFhZlwiLFwiNTYxY2E4YzFlODVlNDFjZjI2NjlkMWRiYTc4NjMyNGFcIixcIjY1YmY2ZWM2MDA4YzUzZTNhMWI5Yzk5ZGQyZjQ4ZmVmXCIsXCI5OWI3NGE5MTlkNmJlZTkyZjgxN2YwNjI1NTBjMmU1MVwiLFwiOGExYTI5Nzk2NmNmNWExOWU2N2FhMjE5MzdiNWQ4NDRcIixcImQ1ZTAyYTU0NmZhNDg5OTBmN2M5OTliMjljOTc3MTE2XCIsXCJkZDYyMjcxNTg2ZmJjNjFmZGI2YzM4NDVhZmJkMTRhY1wiLFwiMzRjOTk4YWY3MTY0YmU3YzdiYWVkMTE3NTVjNTBhNmZcIixcIjNhYWY0MWFiNzY1NDMyOTgzZTNlNjdhNzM0YWYyYTNhXCIsXCIzYzYwM2ZjN2UzNDk2MjY3N2Y1ZGM5NjdhNTU4ZDY5MVwiLFwiMDdmNGIzYzE1Njc2ZjBjN2YzYzgzZGE1ZDIxYTMxZDdcIixcIjkxMDM0NTY1NzYwY2Q0MTI0NmI5NjM2ZGEzMjk2ODA1XCIsXCIyY2U1OGE3Y2ZjNTI1NzkxYWFhZGI1MThmMDJmNTRhZFwiLFwiNjFhYWQ5N2JiMjc0M2I3OTc2Y2JmYzYxNGJlNzg3YmJcIixcIjdmNzgwZmEyZTgzZGM3MmQ1MDRlMjQ3MmQyM2NkZWI2XCIsXCJjNjdhOTU0YWNmMWIwOGE5MjA4YmY5ODBkMWI4ODQ1MVwiLFwiZjdmNDA1OWE3NWY2YTRmMjdiNjllMjVkMmM1OTU5MWJcIixcIjUyMThhZTJkOTc5YzY3N2M1ZDViMjUwNGZiNGM1ZWNjXCIsXCI2ZGVlYWU2NTY1NDY2YmJlMDAxMjdkNzMxOWFlYmYwZVwiXSxcIjNcIjpbXCIzYzZmZWFlNmY3Y2M0Yjc4NGMzZWU5MGJiMzFiZDI1Y1wiLFwiN2JkOTEyNzgzMmZlMDc0MWIzMjg2Njk3OGU1MmVlYzZcIixcIjE1MmQ4NmE3YzA2ZmJkNjYwZWRkZDVlYzc3YjE5NDA4XCIsXCJmNWIyMmRkNTcxZGE4OTc3NDkyNDA3ZDU2NjgzMzQ5ZFwiXSxcIjZcIjpbXCI2M2EzMjQ2OTAyMWFiMjNhNjliZjliZDRmOTVjOWZmNlwiLFwiMjUyYTg2ZGY4ODdmY2EwMzEyYWMyMGUwMWM3M2EzYzJcIixcIjljOTQ3NGE2NjAwYmNkOWZiYjYwNjEwNTljNzE2NmY3XCJdLFwiNVwiOltcIjVkYzk5YjA4N2RkZWZjYWMwNGVlNmIwNjY5ZmQ3Mzk3XCIsXCI0MWI0ZmEzNDA5ZWZiZDk3ZjEyNWFiZWI1YjZjYzVmNFwiLFwiZDkyMjM2OTU4ODM2NmNjNDBiZDExMTM0NzAxOWMzMTdcIixcImJkMzE5NzE1NmFjNjQ0YzE0Mjg3NjI2OGQyZTQyMmM2XCIsXCIxMzNhODAzNDczMTg0YjNiMTNhMDQ3NTc5YzYzOTY5OVwiLFwiMjczYWI0MGFhZjI2YTQ1ZGVkYzYwNjQyMjllNDFkNTFcIixcIjEzNDUwOTA2YjRjY2VhYWI5ZDliZTRjN2ExZTBiNzk1XCIsXCJiN2QxYTNhMmZiMjk4MzQ1OGM2ZDE1NGI5N2IxZjRlOFwiLFwiY2EyODgwMmYyOTg3ODc5MjYyMzFiMzRiYjQzNGM0M2ZcIixcImQ2ZmQwYWQ2ZmEzNGZhZGJkOGFiOTBjMjQ0ODhjZDcxXCJdLFwiMTBcIjpbXCI4MzIzY2EzMWQ4YTM5ZmU5NWMyMzQ5YzVjNjk0ZmUwNFwiLFwiMTEzZTRkODU0MWFlMjRiMDJkM2Y1ZmY2ODdkZmU2YWVcIl19IiwiY2NhZDRlYjAxMmJlMTRmZDc2ZmQ1ZTk0MGQxNzcxNDUiXQ==' \/>\n            <input type='hidden' class='gform_hidden' name='gform_target_page_number_6' id='gform_target_page_number_6' value='0' \/>\n            <input type='hidden' class='gform_hidden' name='gform_source_page_number_6' id='gform_source_page_number_6' value='1' \/>\n            <input type='hidden' name='gform_field_values' value='' \/>\n            \n        <\/div>\n                        <\/form>\n                        <\/div>\n\t\t                <iframe style='display:none;width:0px;height:0px;' src='about:blank' name='gform_ajax_frame_6' id='gform_ajax_frame_6' title='Cette iframe contient la logique n\u00e9cessaire pour manipuler Gravity Forms avec Ajax.'><\/iframe>\n\t\t                <script>\ngform.initializeOnLoaded( function() {gformInitSpinner( 6, 'https:\/\/vaniseo.pro\/eserif\/wp-content\/plugins\/gravityforms\/images\/spinner.svg', true );jQuery('#gform_ajax_frame_6').on('load',function(){var contents = jQuery(this).contents().find('*').html();var is_postback = contents.indexOf('GF_AJAX_POSTBACK') >= 0;if(!is_postback){return;}var form_content = jQuery(this).contents().find('#gform_wrapper_6');var is_confirmation = jQuery(this).contents().find('#gform_confirmation_wrapper_6').length > 0;var is_redirect = contents.indexOf('gformRedirect(){') >= 0;var is_form = form_content.length > 0 && ! is_redirect && ! is_confirmation;var mt = parseInt(jQuery('html').css('margin-top'), 10) + parseInt(jQuery('body').css('margin-top'), 10) + 100;if(is_form){jQuery('#gform_wrapper_6').html(form_content.html());if(form_content.hasClass('gform_validation_error')){jQuery('#gform_wrapper_6').addClass('gform_validation_error');} else {jQuery('#gform_wrapper_6').removeClass('gform_validation_error');}setTimeout( function() { \/* delay the scroll by 50 milliseconds to fix a bug in chrome *\/  }, 50 );if(window['gformInitDatepicker']) {gformInitDatepicker();}if(window['gformInitPriceFields']) {gformInitPriceFields();}var current_page = jQuery('#gform_source_page_number_6').val();gformInitSpinner( 6, 'https:\/\/vaniseo.pro\/eserif\/wp-content\/plugins\/gravityforms\/images\/spinner.svg', true );jQuery(document).trigger('gform_page_loaded', [6, current_page]);window['gf_submitting_6'] = false;}else if(!is_redirect){var confirmation_content = jQuery(this).contents().find('.GF_AJAX_POSTBACK').html();if(!confirmation_content){confirmation_content = contents;}jQuery('#gform_wrapper_6').replaceWith(confirmation_content);jQuery(document).trigger('gform_confirmation_loaded', [6]);window['gf_submitting_6'] = false;wp.a11y.speak(jQuery('#gform_confirmation_message_6').text());}else{jQuery('#gform_6').append(contents);if(window['gformRedirect']) {gformRedirect();}}jQuery(document).trigger(\"gform_pre_post_render\", [{ formId: \"6\", currentPage: \"current_page\", abort: function() { this.preventDefault(); } }]);                if (event && event.defaultPrevented) {                return;         }        const gformWrapperDiv = document.getElementById( \"gform_wrapper_6\" );        if ( gformWrapperDiv ) {            const visibilitySpan = document.createElement( \"span\" );            visibilitySpan.id = \"gform_visibility_test_6\";            gformWrapperDiv.insertAdjacentElement( \"afterend\", visibilitySpan );        }        const visibilityTestDiv = document.getElementById( \"gform_visibility_test_6\" );        let postRenderFired = false;                function triggerPostRender() {            if ( postRenderFired ) {                return;            }            postRenderFired = true;            jQuery( document ).trigger( 'gform_post_render', [6, current_page] );            gform.utils.trigger( { event: 'gform\/postRender', native: false, data: { formId: 6, currentPage: current_page } } );            if ( visibilityTestDiv ) {                visibilityTestDiv.parentNode.removeChild( visibilityTestDiv );            }        }        function debounce( func, wait, immediate ) {            var timeout;            return function() {                var context = this, args = arguments;                var later = function() {                    timeout = null;                    if ( !immediate ) func.apply( context, args );                };                var callNow = immediate && !timeout;                clearTimeout( timeout );                timeout = setTimeout( later, wait );                if ( callNow ) func.apply( context, args );            };        }        const debouncedTriggerPostRender = debounce( function() {            triggerPostRender();        }, 200 );        if ( visibilityTestDiv && visibilityTestDiv.offsetParent === null ) {            const observer = new MutationObserver( ( mutations ) => {                mutations.forEach( ( mutation ) => {                    if ( mutation.type === 'attributes' && visibilityTestDiv.offsetParent !== null ) {                        debouncedTriggerPostRender();                        observer.disconnect();                    }                });            });            observer.observe( document.body, {                attributes: true,                childList: false,                subtree: true,                attributeFilter: [ 'style', 'class' ],            });        } else {            triggerPostRender();        }    } );} );\n<\/script>\n[\/vc_column_text][\/vc_column][\/vc_row]<\/p>\n<\/div>","protected":false},"excerpt":{"rendered":"<p>[vc_row][vc_column][vc_column_text css=&#8221;&#8221;][\/vc_column_text][vc_column_text css=&#8221;&#8221;][\/vc_column_text][\/vc_column][\/vc_row]<\/p>\n","protected":false},"author":1,"featured_media":0,"parent":0,"menu_order":0,"comment_status":"closed","ping_status":"closed","template":"","meta":{"footnotes":""},"class_list":["post-128","page","type-page","status-publish","hentry","description-off"],"_links":{"self":[{"href":"https:\/\/vaniseo.pro\/eserif\/wp-json\/wp\/v2\/pages\/128"}],"collection":[{"href":"https:\/\/vaniseo.pro\/eserif\/wp-json\/wp\/v2\/pages"}],"about":[{"href":"https:\/\/vaniseo.pro\/eserif\/wp-json\/wp\/v2\/types\/page"}],"author":[{"embeddable":true,"href":"https:\/\/vaniseo.pro\/eserif\/wp-json\/wp\/v2\/users\/1"}],"replies":[{"embeddable":true,"href":"https:\/\/vaniseo.pro\/eserif\/wp-json\/wp\/v2\/comments?post=128"}],"version-history":[{"count":2,"href":"https:\/\/vaniseo.pro\/eserif\/wp-json\/wp\/v2\/pages\/128\/revisions"}],"predecessor-version":[{"id":158,"href":"https:\/\/vaniseo.pro\/eserif\/wp-json\/wp\/v2\/pages\/128\/revisions\/158"}],"wp:attachment":[{"href":"https:\/\/vaniseo.pro\/eserif\/wp-json\/wp\/v2\/media?parent=128"}],"curies":[{"name":"wp","href":"https:\/\/api.w.org\/{rel}","templated":true}]}}